 y = -1996 + 1992. Let d(k) = 9*k + 23. Give d(y).
-13
Let f(u) = u**3 + 2*u**2 + 2*u. Suppose -3*z = z. Suppose 4*l = -z*l - 20. Let c = -7 - l. What is f(c)?
-4
Suppose -3*x - 5 = 31. Let a(y) = y**3 + 13*y**2 + 13*y + 17. Determine a(x).
5
Let f be 6/(-9) - 8/(-12). Let i(k) = -4 + k + 6*k + 2*k**2 + f + 2. What is i(-5)?
13
Let z be ((-2)/(-4)*-58)/(-1). Suppose 4*n + z = -15. Let c = -15 - n. Let k(d) = -d + 1. Calculate k(c).
5
Let b(d) = 2*d + 28. Let o be b(-11). Let c(r) = r**3 - 6*r**2 + 3*r - 14. What is c(o)?
4
Let t(c) = -2*c**2 + 8*c + 10. Let p(s) = 3*s**2 - 12*s - 15. Let b = -1 + -1. Let o be (-7)/(3/6*b). Let j(z) = o*t(z) + 5*p(z). What is j(4)?
-5
Let b(o) = 2*o**2 - 2. Suppose 0*j - 3*j - 3*k = 18, 5*k + 12 = 4*j. Determine b(j).
6
Let i(z) = 76*z**2 + 607*z - 8. Let j be i(-8). Let u(p) = -p + 12. Give u(j).
12
Let p(y) = -5*y + 35. Let g(o) = -7*o + 68. Let s(v) = -3*g(v) + 5*p(v). Determine s(-6).
-5
Let r(n) = n**2 + n + 2. Suppose 5*a = 11*a. Let f be (4 - a) + -3 - 4. Give r(f).
8
Let u(k) = -k**2 + 5. Let q be (-104)/28 + (-6)/21. What is u(q)?
-11
Let v(n) = -247*n + 264*n - n**2 - 6 - 16 + 2*n**2. Determine v(-17).
-22
Let j(g) be the second derivative of g**7/840 + g**6/36 + g**4/24 - 17*g**3/6 - 5*g. Let b(l) be the second derivative of j(l). Give b(-10).
1
Let f be -6 - 720/(-88) - (-4)/(-22). Let u(h) = h**2 - h + 2. What is u(f)?
4
Let q = -941 - -938. Let d(h) = -2 - 2 - 3*h + 3 + 3. What is d(q)?
11
Let c(z) = -5*z + 1. Let t(w) = -w**3 + 8*w**2 - 5*w - 19. Let o be t(7). Let v = o - -4. What is c(v)?
6
Let y(q) = q + 5. Let z be (-13)/(351/(-45))*3. What is y(z)?
10
Let f(c) = -c**3 - 2*c**2 + c + 1. Let g(o) = 4*o**3 - 5*o**2 + 2*o + 4. Let r(b) = 3*f(b) - g(b). Give r(1).
-8
Let u(x) be the second derivative of -1/2*x**2 + 6*x + 0 + 0*x**4 + 13/20*x**5 + 0*x**3. Calculate u(1).
12
Let b(k) = 3*k - 2. Let d = 39 - 44. Let s be 1/(d/20) - -6. Determine b(s).
4
Let c = 25 - 23. Let q(v) be the first derivative of 7*v**2/2 + 4*v + 3. Let f(g) = -8*g - 5. Let b(y) = -6*f(y) - 7*q(y). Give b(c).
0
Let m(k) = -k**2 + 2*k + 4. Let l(b) = 7*b**3. Let o be l(1). Suppose -2*a - a + v = -o, 5*a - 2*v = 11. What is m(a)?
1
Let d(w) = -20*w**3 + 1 + 4*w**2 + 2 + 21*w**3. Let p be 68/16 - (-2)/(-8). Let c be (1 + 1)/(p/(-8)). Give d(c).
3
Suppose -7*n + 39 = -45. Let k be (-1)/(-3) + (-76)/n. Let m(d) = d**3 + 5*d**2 - 5*d - 6. Calculate m(k).
-12
Let d(j) be the second derivative of j**5/20 + 5*j**4/12 - j**3/3 - 3*j**2 + 4*j + 3. Determine d(-5).
4
Suppose 4*x - 2*y = -0*y - 38, -3*x + y - 26 = 0. Let h(w) = -w**3 - 6*w**2 + 26*w - 9. Let a be h(-9). Let g(t) = a - 13*t + 14*t + 9. Give g(x).
2
Let y(a) be the second derivative of -a**8/6720 - a**7/315 - a**6/90 - 7*a**5/120 - 7*a**4/12 + 9*a. Let f(z) be the third derivative of y(z). What is f(-7)?
0
Let o(u) = -u**3 - 4*u**2 + 12*u + 9. Let d be -9 + (0 + 3 - (-23 + 23)). Give o(d).
9
Let f(t) = -3. Let u(c) = -8*c + 16. Let z(s) = 6*f(s) + u(s). Determine z(1).
-10
Let x(b) = -b**3 - 6*b**2 - 4*b + 5. Let j = 1 + 9. Suppose -16*p = -18*p - j. Determine x(p).
0
Suppose 0 = -2*b + 4 - 0. Suppose -5*w + 6*w - 4*v = -13, -2*w + 5*v = 14. Let q(r) = 1 + b*r + 6*r - 7*r + w*r. What is q(1)?
5
Let x(u) = u**3 - 6*u**2 + 3*u + 2. Suppose -3*p = -0*p - 6. Let a be p/(-3)*24/(-16). Let i be a - -2*8/4. What is x(i)?
-8
Suppose -14 = -5*l - 4. Suppose 3*s = -j - 0*j + 16, -l*j = -4*s + 8. Let y(f) = -f**2 + f + 2. Calculate y(j).
-10
Suppose -5*c = 2*r - 32 - 5, 3*r - 2*c = 8. Suppose -12 = -4*y + 12. Let p = y - r. Let l(n) = -n. Give l(p).
0
Let i be -589*1*(-3 + 2). Let w be i/(-124) - (-1)/(-4). Let n(d) = d**2 + 6*d - 7. What is n(w)?
-12
Let k be (-5 - -3)/((-4)/(-10)). Let w = k + 5. Suppose -4*q + w*q = -4*p, 0 = 4*q + 2*p + 12. Let i(h) = -4*h - 2. Calculate i(q).
6
Let g = -3 + 28. Suppose 22*k - 15 = g*k. Let o(t) = -t**3 - 4*t**2 + 6*t + 5. What is o(k)?
0
Suppose 18 = 11*a - 5*a. Let w(v) = -2*v + 2. Calculate w(a).
-4
Let w(c) = 5*c**3 - 35*c**2 + 14*c - 1. Let x(o) = o**2 - 9*o - 12. Let z be x(10). Let p(j) = -j**3 + 7*j**2 - 3*j. Let b(g) = z*w(g) - 11*p(g). What is b(6)?
-4
Let o(a) be the first derivative of a**4/4 + 5*a**3/3 - 4*a**2 - 4*a + 2. Suppose 48 + 12 = -10*x. Determine o(x).
8
Let g(x) = -x**2 + x - 1. Let i(n) = -4*n**2 - n - 8. Let k(m) = -5*g(m) + i(m). Suppose 2 = 2*h, -3*h - 4 = -120*w + 119*w. Calculate k(w).
4
Let f(y) = -2*y - 2*y + 5*y - 3. Suppose -2*g - 3*v - 372 = 0, -3*g - 2*g - 888 = -3*v. Let l be ((-2)/4)/((-18)/g). Calculate f(l).
-8
Suppose -17 = i + 2*d - 3*d, -2*d + 21 = -i. Let h = i + 7. Let k(p) = 2*p + 9. Give k(h).
-3
Suppose 35 = -v - 2*k, 4*v + 45 = 2*v + k. Let u = 30 + v. Suppose -u*d + 4*x + 14 = 0, -3*x = -d + 4*d - 3. Let m(g) = 3*g**3 - 3*g**2 + 2. Give m(d).
14
Let h(a) be the first derivative of 3*a**4/4 - 2*a**3/3 + a**2 - a + 1. Suppose 2*p + 138 = 2*b - 4*b, 0 = -4*b - 2*p - 282. Let s = 73 + b. Calculate h(s).
2
Let y(m) = -m**3 - 8*m**2 - 7*m - 8. Let c = 41 + -38. Suppose -4 = s + c. Calculate y(s).
-8
Let c(a) be the first derivative of a**4/12 + 2*a**3/3 + 3*a**2 + 40. Let q(b) be the second derivative of c(b). Determine q(-7).
-10
Let r(i) = 9 + i - i**2 - 6*i**2 + 6*i**2 + 4*i. Suppose 3*l + 7 = 4*l. What is r(l)?
-5
Let q(i) = i. Let u(d) = -4*d - 4. Let y(c) = 5*q(c) + u(c). Let h(l) = 2*l. Let j be h(1). Suppose 3*r + 5*t = 7, t = -j*r - 4*t + 3. Determine y(r).
0
Suppose 2*m - 2*h = 2, 5*m + 27 = -4*h + h. Let j(o) = -2*o - 7. Determine j(m).
-1
Suppose -4*m - 4*r = 0, 3*m + 2*r + 8 = 7. Let d(h) = -21*h**3 - 2*h**2 + h + 2. Calculate d(m).
20
Let b(y) = 2*y - 3. Let z be b(2). Suppose 0 = -7*h + 17 + 11. Let r(i) = -12*i + 5. Let v(j) = -1. Let m(w) = h*v(w) + r(w). Determine m(z).
-11
Suppose -4*q - 4 = 4. Let f(a) be the first derivative of 5*a**3/3 + a**2/2 - 6. What is f(q)?
18
Let z(c) = -8*c**3 + 2*c**2 + 4*c + 2. Suppose -12 = -146*u + 158*u. What is z(u)?
8
Let k(z) = 5*z**2 + 12*z + 12. Let h(v) = -v**2 - v - 1. Let g(w) = 6*h(w) + k(w). What is g(6)?
6
Let t(c) = 11*c - 7. Let u be t(1). Let j(a) = -13 + 3*a**2 + 9 - u*a**2. Calculate j(-3).
-13
Let a(n) be the first derivative of n**2 + 6*n - 158. Suppose g = 2*u + 16, -2*u - 2*g = -g + 8. Determine a(u).
-6
Suppose 0*v = -4*v + 8. Let r(q) be the second derivative of -q**4/6 - q**3/3 - 2*q + 10. What is r(v)?
-12
Suppose 7*c - 3*c = 16. Let r(b) = -c - 7*b + 3 + 0. Calculate r(-1).
6
Suppose -10*k + 91 = 21. Let p(f) = -f + 1. Give p(k).
-6
Let c(q) = q**3 + 6*q**2 + q + 7. Let s = 73 + -79. Give c(s).
1
Let h(a) = -a**3 + 2*a - 1. Let g(x) = 6*x**3 + 7*x**2 - 11*x + 12. Let v(i) = -g(i) - 5*h(i). What is v(-7)?
-14
Suppose 12 = -2*z - z. Let m(k) be the second derivative of -k**3/6 + k**2/2 + k + 639. Give m(z).
5
Let l(w) = -w**2 - 12*w + 46. Let p(a) = a**2 + 13*a - 45. Let m(h) = -3*l(h) - 4*p(h). Determine m(-18).
6
Let c(n) = -41*n + 80. Let u(h) = 15*h - 28. Let m(v) = 4*c(v) + 11*u(v). Determine m(-3).
9
Let w(j) be the second derivative of j**7/2520 - j**6/180 + j**5/60 - 5*j**4/12 - j**3 - 21*j. Let r(h) be the third derivative of w(h). Determine r(4).
2
Let m be (-2)/5 - 32/(-5). Let p(v) = 13*v - m - 6*v - 5*v. Suppose -2*j + 8 = l - 1, -4*j = 4*l - 12. Calculate p(j).
6
Let v(n) = -2*n - 4. Let z = -172 - -108. Let t = -70 - z. Calculate v(t).
8
Let f be 13/26*(1 + 63/3). Let a(v) = -65*v - 5 + 67*v + 4 - f. Determine a(9).
6
Let t(q) be the second derivative of -q**3/6 + 2*q**2 + q. Let k be 0*(-2 - 3)/(-5). Suppose k = -2*u - 20 + 28. What is t(u)?
0
Let b(z) be the second derivative of -z**8/6720 - z**7/630 + z**6/120 + z**5/24 + 5*z**4/3 + 23*z. Let r(m) be the third derivative of b(m). What is r(-5)?
0
Suppose f - 4*f - 15 = 0, 2*y - 3*f = 17. Let k(u) = -3. Let s(v) = v - 7. Let a(j) = 5*k(j) - 2*s(j). What is a(y)?
-3
Let q(d) = -2*d**3 + 13*d**2 - 8*d + 1. Let s(f) = -f**3 + 6*f**2 - 4*f + 1. Let a = 47 + -42. Let o(y) = a*s(y) - 2*q(y). Give o(3).
0
Let r be (0 + 2)*(-3)/6. Let x(h) be the first derivative of 0*h**2 - 3/2*h**4 + 4 + h - 1/3*h**3. Calculate x(r).
6
Let s(t) = -t**3 + 2*t**2 - 1. Let l(i) = -11*i + 8. Let m be l(-4). Let x = m + -50. Determine s(x).
-1
Let y = -64 + 67. Let p(w) = 2 - 4 + 1 - 